128.
10
Calculate the remainder when 387 is divided by 23.
19
What is the remainder when 333 is divided by 65?
8
What is the remainder when 196 is divided by 32?
4
What is the remainder when 272 is divided by 11?
8
What is the remainder when 120477 is divided by 24?
21
What is the remainder when 354 is divided by 20?
14
What is the remainder when 4006 is divided by 15?
1
Calculate the remainder when 142 is divided by 37.
31
What is the remainder when 2976 is divided by 11?
6
Calculate the remainder when 642 is divided by 309.
24
Calculate the remainder when 307 is divided by 65.
47
Calculate the remainder when 288 is divided by 97.
94
What is the remainder when 24885 is divided by 38?
33
Calculate the remainder when 2190 is divided by 47.
28
Calculate the remainder when 1614 is divided by 81.
75
Calculate the remainder when 1887 is divided by 35.
32
What is the remainder when 41 is divided by 14?
13
Calculate the remainder when 678 is divided by 85.
83
Calculate the remainder when 203 is divided by 17.
16
Calculate the remainder when 965 is divided by 261.
182
What is the remainder when 634 is divided by 3?
1
Calculate the remainder when 153 is divided by 152.
1
Calculate the remainder when 349 is divided by 71.
65
What is the remainder when 367 is divided by 60?
7
What is the remainder when 603 is divided by 76?
71
Calculate the remainder when 22 is divided by 18.
4
Calculate the remainder when 620 is divided by 46.
22
What is the remainder when 148 is divided by 10?
8
What is the remainder when 64 is divided by 17?
13
What is the remainder when 2590 is divided by 260?
250
Calculate the remainder when 4968 is divided by 621.
0
Calculate the remainder when 48 is divided by 25.
23
What is the remainder when 547 is divided by 155?
82
What is the remainder when 689 is divided by 69?
68
Calculate the remainder when 73 is divided by 26.
21
Calculate the remainder when 35454 is divided by 159.
156
Calculate the remainder when 8354 is divided by 39.
8
What is the remainder when 313 is divided by 102?
7
Calculate the remainder when 358 is divided by 15.
13
What is the remainder when 957 is divided by 21?
12
Calculate the remainder when 1255 is divided by 17.
14
Calculate the remainder when 262 is divided by 90.
82
Calculate the remainder when 3001 is divided by 77.
75
What is the remainder when 266 is divided by 15?
11
What is the remainder when 313 is divided by 114?
85
Calculate the remainder when 2592 is divided by 59.
55
What is the remainder when 2127 is divided by 416?
47
Calculate the remainder when 195 is divided by 22.
19
What is the remainder when 3430 is divided by 24?
22
Calculate the remainder when 63 is divided by 26.
11
Calculate the remainder when 365 is divided by 3.
2
Calculate the remainder when 25314 is divided by 60.
54
Calculate the remainder when 21 is divided by 4.
1
What is the remainder when 481 is divided by 44?
41
Calculate the remainder when 1881 is divided by 68.
45
Calculate the remainder when 70 is divided by 11.
4
What is the remainder when 3527 is divided by 98?
97
What is the remainder when 31 is divided by 17?
14
What is the remainder when 485 is divided by 27?
26
What is the remainder when 767 is divided by 379?
9
What is the remainder when 8483 is divided by 69?
65
What is the remainder when 89 is divided by 20?
9
Calculate the remainder when 271 is divided by 254.
17
Calculate the remainder when 511 is divided by 9.
7
What is the remainder when 1077 is divided by 90?
87
Calculate the remainder when 911 is divided by 83.
81
What is the remainder when 53 is divided by 20?
13
Calculate the remainder when 80 is divided by 53.
27
What is the remainder when 563 is divided by 6?
5
What is the remainder when 630 is divided by 125?
5
What is the remainder when 375 is divided by 104?
63
What is the remainder when 6399 is divided by 97?
94
What is the remainder when 46 is divided by 40?
6
What is the remainder when 432 is divided by 31?
29
Calculate the remainder when 232 is divided by 3.
1
What is the remainder when 56 is divided by 37?
19
What is the remainder when 125 is divided by 16?
13
What is the remainder when 457 is divided by 23?
20
What is the remainder when 1328 is divided by 19?
17
Calculate the remainder when 39 is divided by 34.
5
Calculate the remainder when 898 is divided by 45.
43
What is the remainder when 884 is divided by 214?
28
What is the remainder when 642 is divided by 167?
141
Calculate the remainder when 246 is divided by 113.
20
Calculate the remainder when 212 is divided by 37.
27
Calculate the remainder when 2475 is divided by 43.
24
Calculate the remainder when 84 is divided by 17.
16
What is the remainder when 6382 is divided by 21?
19
Calculate the remainder when 1789 is divided by 163.
159
What is the remainder when 1122 is divided by 23?
18
What is the remainder when 83 is divided by 45?
38
What is the remainder when 251 is divided by 23?
21
Calculate the remainder when 244 is divided by 168.
76
What is the remainder when 266 is divided by 54?
50
Calculate the remainder when 16379 is divided by 10.
9
Calculate the remainder when 2113 is divided by 148.
41
Calculate the remainder when 315 is divided by 35.
0
Calculate the remainder when 1054 is divided by 197.
69
What is the remainder when 2396 is divided by 48?
44
What is the remainder when 165 is divided by 9?
3
What is the remainder when 1966 is divided by 41?
39
What is the remainder when 27 is divided by 15?
12
What is the remainder when 59 is divided by 14?
3
What is the remainder when 160 is divided by 83?
77
Calculate the remainder when 22 is divided by 1.
0
Calculate the remainder when 775 is divided by 110.
5
Calculate the remainder when 215 is divided by 117.
98
What is the remainder when 4879 is divided by 44?
39
Calculate the remainder when 1097 is divided by 27.
17
Calculate the remainder when 5578 is divided by 2788.
2
What is the remainder when 110 is divided by 5?
0
What is the remainder when 1146 is divided by 29?
15
Calculate the remainder when 1357 is divided by 650.
57
Calculate the remainder when 409 is divided by 9.
4
What is the remainder when 260 is divided by 124?
12
What is the remainder when 197 is divided by 50?
47
What is the remainder when 103 is divided by 39?
25
Calculate the remainder when 843 is divided by 71.
62
What is the remainder when 14670 is divided by 201?
198
What is the remainder when 1399 is divided by 7?
6
What is the remainder when 152 is divided by 3?
2
What is the remainder when 3566 is divided by 87?
86
Calculate the remainder when 78 is divided by 22.
12
Calculate the remainder when 760 is divided by 73.
30
What is the remainder when 4211 is divided by 67?
57
Calculate the remainder when 8663 is divided by 197.
192
Calculate the remainder when 743 is divided by 68.
63
What is the remainder when 68 is divided by 31?
6
What is the remainder when 489 is divided by 12?
9
What is the remainder when 3790 is divided by 345?
340
What is the remainder when 251 is divided by 93?
65
What is the remainder when 3021 is divided by 24?
21
Calculate the remainder when 445 is divided by 116.
97
What is the remainder when 134 is divided by 44?
2
Calculate the remainder when 1551 is divided by 14.
11
Calculate the remainder when 1946 is divided by 122.
116
What is the remainder when 363 is divided by 93?
84
What is the remainder when 4043 is divided by 12?
11
What is the remainder when 679 is divided by 313?
53
Calculate the remainder when 5634 is divided by 134.
6
Calculate the remainder when 689 is divided by 23.
22
Calculate the remainder when 6059 is divided by 29.
27
Calculate the remainder when 671 is divided by 3.
2
What is the remainder when 236 is divided by 45?
11
Calculate the remainder when 359 is divided by 30.
29
What is the remainder when 203 is divided by 40?
3
What is the remainder when 231 is divided by 35?
21
Calculate the remainder when 284 is divided by 20.
4
Calculate the remainder when 205 is divided by 76.
53
What is the remainder when 2527 is divided by 49?
28
What is the remainder when 85 is divided by 31?
23
What is the remainder when 160 is divided by 35?
20
Calculate the remainder when 34 is divided by 8.
2
Calculate the remainder when 1367 is divided by 428.
83
Calculate t